22
Calculate the remainder when 4328 is divided by 53.
35
What is the remainder when 437675 is divided by 53?
1
What is the remainder when 8857 is divided by 369?
1
What is the remainder when 40765 is divided by 8089?
320
What is the remainder when 130817 is divided by 844?
841
What is the remainder when 189828 is divided by 41?
39
What is the remainder when 53027 is divided by 155?
17
What is the remainder when 17747 is divided by 46?
37
What is the remainder when 22749 is divided by 350?
349
Calculate the remainder when 2599 is divided by 2588.
11
What is the remainder when 7274 is divided by 272?
202
What is the remainder when 20846 is divided by 56?
14
What is the remainder when 598034 is divided by 45?
29
Calculate the remainder when 41943 is divided by 591.
573
What is the remainder when 20572 is divided by 39?
19
Calculate the remainder when 688 is divided by 131.
33
What is the remainder when 1192094 is divided by 3377?
13
What is the remainder when 121894 is divided by 115?
109
Calculate the remainder when 11219 is divided by 336.
131
What is the remainder when 212544 is divided by 106265?
14
Calculate the remainder when 2889 is divided by 59.
57
Calculate the remainder when 1479 is divided by 276.
99
What is the remainder when 1141979 is divided by 380656?
11
What is the remainder when 4895 is divided by 2376?
143
Calculate the remainder when 209 is divided by 209.
0
What is the remainder when 49427 is divided by 30?
17
Calculate the remainder when 1016254 is divided by 305.
299
Calculate the remainder when 839068 is divided by 9.
7
What is the remainder when 274 is divided by 95?
84
What is the remainder when 59508 is divided by 59507?
1
Calculate the remainder when 112587 is divided by 4.
3
Calculate the remainder when 4383 is divided by 19.
13
Calculate the remainder when 22538 is divided by 347.
330
Calculate the remainder when 3601 is divided by 733.
669
What is the remainder when 1218 is divided by 186?
102
Calculate the remainder when 17298 is divided by 898.
236
What is the remainder when 128718 is divided by 18388?
2
Calculate the remainder when 25376 is divided by 553.
491
Calculate the remainder when 2133 is divided by 141.
18
Calculate the remainder when 6144 is divided by 26.
8
Calculate the remainder when 27899 is divided by 60.
59
Calculate the remainder when 1406 is divided by 113.
50
Calculate the remainder when 242619 is divided by 1326.
1287
Calculate the remainder when 4038 is divided by 13.
8
What is the remainder when 20083 is divided by 1825?
8
Calculate the remainder when 2268249 is divided by 18.
15
Calculate the remainder when 18708 is divided by 10.
8
What is the remainder when 72811 is divided by 42?
25
What is the remainder when 4910 is divided by 2429?
52
Calculate the remainder when 15198 is divided by 79.
30
Calculate the remainder when 25564 is divided by 288.
220
Calculate the remainder when 3434 is divided by 147.
53
What is the remainder when 137244 is divided by 418?
140
What is the remainder when 80213 is divided by 228?
185
Calculate the remainder when 115238 is divided by 430.
428
What is the remainder when 1234419 is divided by 15?
9
Calculate the remainder when 21894 is divided by 51.
15
Calculate the remainder when 21968 is divided by 24.
8
Calculate the remainder when 24743 is divided by 11.
4
What is the remainder when 51659 is divided by 1396?
7
Calculate the remainder when 27182 is divided by 69.
65
What is the remainder when 2844 is divided by 191?
170
Calculate the remainder when 16964 is divided by 2423.
3
Calculate the remainder when 54918 is divided by 27453.
12
What is the remainder when 28470 is divided by 22?
2
Calculate the remainder when 598817 is divided by 33.
32
Calculate the remainder when 191 is divided by 20.
11
Calculate the remainder when 30257 is divided by 28.
17
What is the remainder when 636 is divided by 35?
6
What is the remainder when 36063 is divided by 98?
97
What is the remainder when 3270 is divided by 1622?
26
Calculate the remainder when 380 is divided by 77.
72
Calculate the remainder when 1329 is divided by 662.
5
What is the remainder when 512 is divided by 170?
2
What is the remainder when 477796 is divided by 68256?
4
Calculate the remainder when 113542 is divided by 5677.
2
Calculate the remainder when 223254 is divided by 59.
57
Calculate the remainder when 36833 is divided by 2630.
13
Calculate the remainder when 57850 is divided by 1052.
1042
What is the remainder when 169834 is divided by 26?
2
Calculate the remainder when 679 is divided by 68.
67
What is the remainder when 30181 is divided by 7360?
741
What is the remainder when 6010 is divided by 595?
60
What is the remainder when 1122 is divided by 412?
298
Calculate the remainder when 2327 is divided by 687.
266
Calculate the remainder when 85912 is divided by 464.
72
What is the remainder when 17692 is divided by 8831?
30
What is the remainder when 2644 is divided by 263?
14
Calculate the remainder when 305 is divided by 276.
29
What is the remainder when 22814 is divided by 304?
14
What is the remainder when 12890 is divided by 13?
7
What is the remainder when 14592 is divided by 1034?
116
Calculate the remainder when 105643 is divided by 380.
3
What is the remainder when 815126 is divided by 8?
6
Calculate the remainder when 586 is divided by 430.
156
What is the remainder when 154029 is divided by 34?
9
Calculate the remainder when 142525 is divided by 131.
128
What is the remainder when 60488 is divided by 864?
8
What is the remainder when 20080 is divided by 20078?
2
What is the remainder when 307188 is divided by 469?
462
What is the remainder when 50542 is divided by 4?
2
What is the remainder when 26398 is divided by 81?
73
What is the remainder when 18799 is divided by 648?
7
What is the remainder when 5098077 is divided by 380?
377
Calculate the remainder when 53218 is divided by 440.
418
Calculate the remainder when 50183 is divided by 23.
20
Calculate the remainder when 52131 is divided by 1217.
1017
What is the remainder when 166884 is divided by 82?
14
Calculate the remainder when 22934 is divided by 376.
374
What is the remainder when 9113 is divided by 1936?
1369
Calculate the remainder when 4294202 is divided by 1038.
1034
What is the remainder when 5050765 is divided by 14?
13
What is the remainder when 1349 is divided by 339?
332
What is the remainder when 11075 is divided by 1006?
9
Calculate the remainder when 10544 is divided by 5272.
0
Calculate the remainder when 39899 is divided by 300.
299
What is the remainder when 1385 is divided by 168?
41
What is the remainder when 10961 is divided by 28?
13
What is the remainder when 10313 is divided by 9388?
925
What is the remainder when 6859 is divided by 140?
139
Calculate the remainder when 102071 is divided by 7851.
8
Calculate the remainder when 461 is divided by 11.
10
What is the remainder when 18246 is divided by 320?
6
Calculate the remainder when 6735 is divided by 674.
669
What is the remainder when 885 is divided by 216?
21
Calculate the remainder when 1273944 is divided by 178.
176
Calculate the remainder when 67028 is divided by 33508.
12
Calculate the remainder when 2705 is divided by 244.
21
Calculate the remainder when 30186 is divided by 16.
10
What is the remainder when 95250 is divided by 814?
12
What is the remainder when 10576 is divided by 70?
6
What is the remainder when 19883 is divided by 102?
95
What is the remainder when 662429 is divided by 65?
14
Calculate the remainder when 3349680 is divided by 334.
328
What is the remainder when 8728 is divided by 1090?
8
Calculate the remainder when 42238 is divided by 157.
5
Calculate the remainder when 23085 is divided by 1646.
41
Calculate the remainder when 26103 is divided by 5219.
8
Calculate the remainder when 13875 is divided by 3424.
179
Calculate the remainder when 46722 is divided by 421.
412
What is the remainder when 1928834 is divided by 52?
50
What is the remainder when 1425925 is divided by 55?
50
Calculate the remainder when 640023 is divided by 24.
15
Calculate the remainder when 530368 is divided by 574.
566
Calculate the remainder when 8771 is divided by 730.
11
What is the remainder when 2493 is divided by 548?
301
What is the remaind